f 1084?
4
What is the hundreds digit of 76784?
7
What is the units digit of 3063?
3
What is the thousands digit of 1201?
1
What is the tens digit of 56717?
1
What is the thousands digit of 2672?
2
What is the hundreds digit of 16439?
4
What is the tens digit of 5392?
9
What is the units digit of 7376?
6
What is the hundreds digit of 5377?
3
What is the tens digit of 15214?
1
What is the units digit of 8945?
5
What is the tens digit of 277?
7
What is the thousands digit of 3731?
3
What is the units digit of 1986?
6
What is the hundreds digit of 57771?
7
What is the thousands digit of 3231?
3
What is the thousands digit of 6090?
6
What is the hundreds digit of 3497?
4
What is the thousands digit of 91835?
1
What is the hundreds digit of 14617?
6
What is the ten thousands digit of 16588?
1
What is the tens digit of 20715?
1
What is the units digit of 342?
2
What is the ten thousands digit of 22169?
2
What is the thousands digit of 3287?
3
What is the hundreds digit of 141?
1
What is the thousands digit of 73882?
3
What is the units digit of 480?
0
What is the tens digit of 1047?
4
What is the thousands digit of 25714?
5
What is the tens digit of 1713?
1
What is the hundreds digit of 6738?
7
What is the units digit of 8106?
6
What is the tens digit of 596?
9
What is the units digit of 392?
2
What is the tens digit of 460?
6
What is the units digit of 13?
3
What is the hundreds digit of 333?
3
What is the units digit of 144708?
8
What is the hundreds digit of 4136?
1
What is the tens digit of 2584?
8
What is the units digit of 3109?
9
What is the tens digit of 309?
0
What is the tens digit of 53265?
6
What is the thousands digit of 2776?
2
What is the units digit of 16718?
8
What is the tens digit of 14?
1
What is the hundreds digit of 2788?
7
What is the tens digit of 55672?
7
What is the units digit of 2416?
6
What is the tens digit of 141?
4
What is the thousands digit of 2035?
2
What is the units digit of 159?
9
What is the units digit of 1815?
5
What is the hundreds digit of 3129?
1
What is the tens digit of 658?
5
What is the tens digit of 2489?
8
What is the tens digit of 91630?
3
What is the tens digit of 223?
2
What is the units digit of 3511?
1
What is the hundreds digit of 66857?
8
What is the units digit of 1613?
3
What is the units digit of 766?
6
What is the thousands digit of 1210?
1
What is the units digit of 771?
1
What is the hundreds digit of 1393?
3
What is the units digit of 42875?
5
What is the hundreds digit of 3138?
1
What is the thousands digit of 9201?
9
What is the units digit of 684?
4
What is the thousands digit of 3919?
3
What is the hundreds digit of 66958?
9
What is the tens digit of 158?
5
What is the hundreds digit of 2671?
6
What is the hundreds digit of 2200?
2
What is the units digit of 45808?
8
What is the tens digit of 648?
4
What is the tens digit of 7332?
3
What is the ten thousands digit of 45735?
4
What is the units digit of 1651?
1
What is the thousands digit of 8483?
8
What is the units digit of 8864?
4
What is the hundreds digit of 360?
3
What is the units digit of 13143?
3
What is the hundreds digit of 95914?
9
What is the hundreds digit of 35195?
1
What is the tens digit of 9319?
1
What is the units digit of 2869?
9
What is the thousands digit of 2517?
2
What is the units digit of 1057?
7
What is the units digit of 1068?
8
What is the units digit of 1018?
8
What is the hundreds digit of 1359?
3
What is the hundreds digit of 962?
9
What is the thousands digit of 84849?
4
What is the tens digit of 3191?
9
What is the units digit of 2036?
6
What is the hundreds digit of 6745?
7
What is the units digit of 573?
3
What is the tens digit of 666?
6
What is the units digit of 2570?
0
What is the units digit of 862?
2
What is the hundreds digit of 2231?
2
What is the tens digit of 5587?
8
What is the tens digit of 1800?
0
What is the tens digit of 51?
5
What is the ten thousands digit of 27770?
2
What is the tens digit of 49281?
8
What is the tens digit of 381?
8
What is the tens digit of 86206?
0
What is the tens digit of 5112?
1
What is the hundreds digit of 6228?
2
What is the tens digit of 2510?
1
What is the units digit of 25058?
8
What is the thousands digit of 6849?
6
What is the thousands digit of 1309?
1
What is the thousands digit of 5429?
5
What is the units digit of 116?
6
What is the units digit of 22731?
1
What is the tens digit of 1007?
0
What is the units digit of 473?
3
What is the units digit of 117?
7
What is the thousands digit of 82716?
2
What is the ten thousands digit of 126860?
2
What is the thousands digit of 16472?
6
What is the thousands digit of 15616?
5
What is the units digit of 37292?
2
What is the tens digit of 2923?
2
What is the units digit of 4579?
9
What is the hundreds digit of 26923?
9
What is the thousands digit of 28445?
8
What is the thousands digit of 24537?
4
What is the hundreds digit of 10354?
3
What is the units digit of 6650?
0
What is the units digit of 3184?
4
What is the units digit of 5172?
2
What is the units digit of 2218?
8
What is the thousands digit of 18787?
8
What is the tens digit of 979?
7
What is the thousands digit of 6491?
6
What is the tens digit of 27639?
3
What is the units digit of 5420?
0
What is the hundreds digit of 71925?
9
What is the thousands digit of 11388?
1
What is the units digit of 2994?
4
What is the tens digit of 14041?
4
What is the thousands digit of 91368?
1
What is the hundreds digit of 1227?
2
What is the hundreds digit of 2203?
2
What is the thousands digit of 4600?
4
What is the tens digit of 2516?
1
What is the tens digit of 22009?
0
What is the hundreds digit of 3162?
1
What is the thousands digit of 7290?
7
What is the tens digit of 1508?
0
What is the units digit of 13274?
4
What is the hundreds digit of 6008?
0
What is the thousands digit of 2759?
2
What is the thousands digit of 14628?
4
What is the units digit of 2509?
9
What is the thousands digit of 30979?
0
What is the thousands digit of 8274?
8
What is the units digit of 122214?
4
What is the hundreds digit of 476?
4
What is the units digit of 1698?
8
What is the hundreds digit of 55364?
3
What is the units digit of 65388?
8
What is the thousands digit of 7555?
7
What is the tens digit of 465?
6
What is the units digit of 1824?
4
What is the units digit of 1664?
4
What is the thousands digit of 1142?
1
What is the hundreds digit of 569?
5
What is the hundreds digit of 1155?
1
What is the units digit of 99291?
1
What is the units digit of 2637?
7
What is the ten thousands digit of 57161?
5
What is the units digit of 9260?
0
What is the units digit of 38936?
6
What is the hundreds digit of 9162?
1
What is the thousands digit of 39341?
9
What is the tens digit of 42038?
3
What is the units digit of 3329?
9
What is the units digit of 79?
9
What is the thousands digit of 6179?
6
What is the thousands digit of 7147?
7
What is the tens digit of 336?
3
What is the tens digit of 1538?
3
What is the units digit of 10626?
6
What is the thousands digit of 3921?
3
What is the units digit of 43210?
0
What is the thousands digit of 1868?
1
What is the units digit of 44711?
1
What is the hundreds digit of 30853?
8
What is the ten thousands digit of 29016?
2
What is the tens digit of 558?
5
What is the thousands digit of 24015?
4
What is the ten thousands digit of 37362?
3
What is the tens digit of 6867?
6
What is the tens digit of 302?
0
What is the thousands digit of 4264?
4
What is the tens digit of 42299?
9
What is the units digit of 20?
0
What is the hundreds digit of 4591?
5
What is the thousands digit of 2326?
2
What is the ten thousands digit of 65110?
6
What is the units digit of 95709?
9
What is the ten thousands digit of 183493?
8
What is the tens digit of 835?
3
What is the units digit of 2267?
7
What is the thousands digit of 2263?
2
What is the ten thousands digit of 72988?
7
What is the units digit of 1196?
6
What is the tens digit of 703?
0
What is the units digit of 2348?
8
What is the units digit of 3411?
1
What is the units digit of 843?
3
What is the tens digit of 652?
5
What is the units digit of 37027?
7
What is the thousands digit of 8062?
8
What is the ten thousands digit of 90049?
9
What is the thousands digit of 2703?
2
What is the thousands digit of